e highest common divisor of 53 and u.
53
Let f = 687 - 652. Calculate the greatest common factor of f and 77.
7
Suppose 2*c - 60 = 4*l, -c + 84 = 2*c - 4*l. Calculate the highest common divisor of 3 and c.
3
Let t = -112 + 73. Let j = 41 + t. Calculate the greatest common divisor of j and 2.
2
Let c(g) = 9*g - g**2 - 24 + g**3 - 6*g**2 + 4*g - g. Let n be c(6). Calculate the highest common divisor of 48 and n.
12
Let p(b) = -b + 12. Let w be p(10). Let f(i) = 31*i**w + 31*i**2 - 2 + 4*i - 60*i**2. Let o be f(-5). What is the highest common divisor of o and 56?
28
Let g = 276 + -185. Suppose -3*c = -47 + 8. What is the greatest common divisor of g and c?
13
Let s be 1/7*3152 + (-6)/21. Calculate the highest common factor of s and 18.
18
Let c(k) be the first derivative of -k**3/3 + 23*k**2/2 + 18*k - 12. Let p be c(18). What is the greatest common divisor of 12 and p?
12
Let u(r) = -r**3 + 10*r**2 - 16*r + 13. Let b be u(9). Let h = b + 62. What is the greatest common divisor of h and 12?
12
Suppose v + v - c - 147 = 0, 5*v = -c + 385. Calculate the highest common factor of v and 608.
76
Let a(m) = m**2 - 5*m - 16. Let y be a(8). Let d be 192/6*6/y. Calculate the greatest common divisor of d and 16.
8
Suppose -2*h = -18 - 10. Let a be 404/10*(-10)/(-4). Suppose -2*d + 4*d + a = 5*w, -d = -w + 19. Calculate the highest common factor of w and h.
7
Suppose 1652 = 15*m + 572. Calculate the highest common factor of m and 45.
9
Suppose 0 = -26*b - 45*b + 226703. What is the highest common divisor of 31 and b?
31
Let f be 532/(-21)*-4 + 2/3. Let d = 106 - f. What is the highest common divisor of 32 and d?
4
Suppose 0*w - 42 = 3*w. Suppose 3*y - 154 = -28. Let g = y - w. Calculate the greatest common factor of g and 14.
14
Let g(r) = -3*r**3 - 2*r**2 + 18*r + 13. Let m be g(-6). What is the highest common divisor of m and 111?
37
Suppose -3*k - 132 = -5*s + 48, -5*s = -2*k - 180. What is the highest common divisor of 162 and s?
18
Let c = -64 - -88. Calculate the greatest common factor of c and 6.
6
Suppose 90 = -14*z + 23*z. Calculate the greatest common factor of 150 and z.
10
Let w be 3*(-3)/(-12)*28. Calculate the greatest common divisor of 287 and w.
7
Let g = 9 - 3. Suppose 35*u - 30*u - 90 = 0. Calculate the greatest common divisor of u and g.
6
Suppose 3*k - 26 = -3*s + k, -5*k - 37 = -s. Calculate the greatest common divisor of s and 342.
6
Let s(y) = -y**2 - 13*y + 16. Let h be s(-14). Suppose 96 = 2*n - 2*p, -h*n = 4*p - 32 - 46. What is the greatest common divisor of n and 5?
5
Suppose -84 + 9 = 3*n. Let y be 5/n + 51/5. Let w be 4*(-8 - 22)*(-6)/8. Calculate the greatest common divisor of y and w.
10
Let l = 52 + -78. Let g = -23 - l. Let z = g - -45. What is the greatest common divisor of 24 and z?
24
Suppose 28*f - 25*f = -6. Let g be 6/f - (-91 - 4/(-1)). Let w be 14 - 0/(-1 + 2). What is the highest common divisor of g and w?
14
Let u(g) = 2*g**2 + 60*g - 16. Let b be u(-31). Calculate the highest common factor of b and 2.
2
Suppose 11*z + 5 = 16*z, 0 = -o + z + 8. Calculate the greatest common factor of o and 756.
9
Let a = -31 + 42. What is the highest common factor of a and 33?
11
Let d(x) = -11*x - 5. Let j be d(-3). Suppose 72 = -2*z + j. Let h = z + 30. Calculate the highest common divisor of h and 64.
8
Suppose -s + 1334 = -4*t + 5*t, -5*t + 5*s + 6710 = 0. Calculate the greatest common divisor of t and 6.
6
Let x(q) = q**3 + 28*q**2 - 29*q + 35. Let p be x(-29). What is the highest common divisor of 15 and p?
5
Suppose -5*q + 279 = y, 15*q - 5*y + 219 = 19*q. What is the highest common factor of 40 and q?
8
Let v be (-20)/(-110) - 62/(-22). Suppose -v*l + 84 = 3*l. Calculate the greatest common factor of l and 56.
14
Let i = -45 + 102. Let k be (92/(-8) + 2)*-2. What is the highest common factor of k and i?
19
Suppose z + 150 = 3*n + 4*z, 4*n - 3*z - 235 = 0. Let t be 168/5 + 22/n. Calculate the highest common divisor of 68 and t.
34
Suppose 800 = v - 2*s, 5*v = 78*s - 83*s + 3940. Calculate the highest common divisor of 18 and v.
18
Let y = 494 - 4. Calculate the greatest common factor of y and 10.
10
Let t(f) = f**2 + 10*f. Let j be t(-10). Suppose j = w + 2*w - 42. Suppose -4*s = -6*s - 4*a + 176, -20 = 4*a. Calculate the greatest common factor of w and s.
14
Let j(n) = n**3 + 10*n**2 - 14*n + 12. Let b = 45 - 56. Let x be j(b). What is the greatest common factor of x and 5?
5
Suppose -6*k - 4*t + 178 = -k, 4*k = -2*t + 146. Suppose 3*i = 266 + 46. Let o = i - 47. What is the greatest common divisor of k and o?
19
Suppose -2*h + 38 = 3*d - 135, 5*d + 181 = 2*h. Let r = h + 56. Suppose -3*u + 2*z + 58 = 0, 2*u - 7 = -4*z + 5. What is the highest common factor of u and r?
16
Suppose -32*c + 24*c = -72. Suppose -15*g + c*g + 138 = 0. Calculate the greatest common divisor of g and 92.
23
Let s(f) = -f**2 + 5*f + 3. Let x be s(5). Suppose -2*u = u + 9, -x*c + 111 = 2*u. Let d be (-3)/6*-2*c. What is the highest common divisor of d and 13?
13
Suppose -z = -2*l + 1217, 0 = 3*l - 0*l + 3*z - 1830. What is the greatest common factor of l and 21?
21
Let k(d) = d**3 - 9*d**2 + 13*d + 12. Let v be k(7). Suppose 37 = -v*o + 202. Calculate the greatest common factor of 198 and o.
33
Suppose 0 = -1636*b + 1625*b + 55. Suppose 0*g = -2*g + 4. What is the greatest common divisor of b and g?
1
Let p(t) be the third derivative of -t**5/60 - 13*t**4/24 - t**3/2 - 11*t**2. Let q be p(-12). What is the greatest common divisor of q and 72?
9
Let c(i) = -i**3 - 12*i**2 + 38*i + 21. Let h be c(-15). Calculate the greatest common factor of h and 28.
14
Let f(v) = v**3 + 7*v**2 + 2*v - 4. Let g be -3 + 22/(-8) - (-2)/(-8). Let h be f(g). What is the greatest common divisor of 180 and h?
20
Let x(g) = -g**3 + 4*g**2 + 11*g. Let b be x(5). Calculate the greatest common factor of 45 and b.
15
Let p = 80 + -55. Let o(v) = -4*v - 3. Let z be o(-2). Suppose 5*j = p, -z*l + j = -2*j. What is the highest common divisor of 3 and l?
3
Suppose b + 4*l = 92, 9*b - 7*b - 190 = -2*l. What is the highest common divisor of 352 and b?
32
Let m = -51 + 55. Let b(v) = 6*v**2 - 5*v - 6. Let h be b(m). What is the greatest common divisor of h and 10?
10
Let w be (1 + (-217)/5)*(-1700)/170. What is the highest common divisor of w and 53?
53
Let f = 196 - 112. What is the greatest common divisor of f and 144?
12
Suppose 3*c - 295 = -2*i, -5*c = -2*i - 3*i - 525. Suppose 6*t + 17 = c. What is the greatest common divisor of t and 21?
7
Suppose -4*h = -2*h + 3*h. Suppose -5*o + 674 + 136 = h. Let s be (-18)/(-2 - (1 - 2)). What is the highest common factor of o and s?
18
Let n(d) = d + 2. Let r(c) = -2. Let u(b) = -4*n(b) - 5*r(b). Suppose 11 - 35 = 4*x. Let z be u(x). What is the highest common factor of z and 52?
26
Let a be (267/(-18) + (-11)/(-33))*-10. Calculate the greatest common divisor of a and 116.
29
Suppose -49*i + 1378 = 104. Calculate the greatest common divisor of 16 and i.
2
Let g(q) = 31*q + 115. Let v be g(60). What is the highest common divisor of 50 and v?
25
Suppose 24*z - 126 - 9906 = 0. Calculate the greatest common divisor of z and 38.
38
Let j be (-3 + 55/25)/((-4)/530). Calculate the greatest common factor of 159 and j.
53
Let x be -4*1/2 - (-14)/1. Let i(s) = s**2 - 12*s - 6. Let o be i(10). Let p = -2 - o. Calculate the highest common divisor of x and p.
12
Let l(m) = -m**2 + 22*m - 8. Let t be l(4). Let p(f) = 19*f**2 - 6*f + 7. Let x be p(3). What is the greatest common factor of x and t?
32
Let t = 20 + -15. Suppose b - t*u = 67, b - 2*u = -0*u + 73. Calculate the greatest common divisor of b and 7.
7
Let n = -600 + 605. What is the highest common factor of n and 1?
1
Let l(y) = -y - 14. Let n be l(-17). Let w(u) = u**2 - 12*u + 11. Let h be w(12). Suppose h*k = 14*k - n. What is the highest common divisor of 2 and k?
1
Let w(k) = 8*k**2 - 3*k + 5. Let i be w(2). Let x(d) = -29*d + 8. Let r be x(-4). Suppose -2*m + 6*m - r = 0. What is the greatest common factor of m and i?
31
Suppose 3*y + 2 = 32. Let j be y/4*78/65. Let c = -4 + 31. What is the highest common divisor of j and c?
3
Suppose -4*v = 4*v + 1960. Let c = v + 569. What is the greatest common divisor of c and 36?
36
Let h be (-1 - 99)/(4*12/(-48)). What is the highest common facto